Let j be q(4). What is the greatest common factor of t and j?
7
Let h = 16684 + -16644. What is the greatest common factor of h and 6540?
20
Suppose -32*s + 65415 = 17*s. Calculate the highest common divisor of s and 45.
15
Let k = -4564 + 4667. Calculate the highest common divisor of k and 2781.
103
Suppose -i - 6 = -5, 2*a - 109 = -i. Let n(x) = 258*x + 3442. Let u be n(-13). What is the greatest common divisor of u and a?
11
Let a be 9997*1/8 - (-180)/480. Suppose 0 = 4*j - 3*q - a - 335, -2*q + 810 = 2*j. Calculate the highest common factor of 20 and j.
20
Suppose 69*w - 72 = 66*w. Let u be (3 - 15)*(-10)/4. Let o = u - w. What is the greatest common divisor of 24 and o?
6
Suppose 8*u - 7*u = 2. Suppose -u*i = -y - 102, -i + 14 = -y - 35. Suppose 3*f = 2*s - i, 24 = -s + 2*s - 4*f. Calculate the greatest common divisor of s and 4.
4
Let l(d) = -5*d + 345. Let h be l(65). Calculate the highest common divisor of 2040 and h.
20
Let l(f) = 512*f + 69. Let g be l(0). What is the greatest common divisor of g and 1334?
23
Let w be (-3 + -1)/(2/(-23)). Let r = -605 - -602. Let o(v) = -23*v - 23. Let g be o(r). What is the greatest common divisor of g and w?
46
Let w(d) = 157*d**2 - 384*d + 383. Let c be w(1). What is the highest common divisor of c and 3952?
52
Suppose 208 = 2*x - 364. Suppose -73*r + x = -71*r. What is the highest common divisor of 26 and r?
13
Let k(b) = -2*b**2 + 46*b + 38. Let o be (46/(-4))/((-19)/38). Let c be k(o). What is the greatest common divisor of 4 and c?
2
Suppose -811 = -a + 429. Calculate the highest common divisor of 120 and a.
40
Let r be 11 + 10/((-50)/35). Let i be 2/((-2)/(-7))*9. Suppose -r*l = -i + 3. What is the highest common factor of l and 60?
15
Suppose 4*l - 5*m = 160, 0 = 5*m - 0*m - 20. Let v = l + -40. Suppose 0 = v*o - 333 - 207. What is the highest common factor of o and 27?
27
Let o(q) = q + 29*q - 699*q**2 + 697*q**2 + 38. Let r be o(14). Suppose 2*a - 5*a + 33 = 0. What is the greatest common factor of a and r?
11
Suppose 3*r = 3*u - 2172, 13*r - 17*r = 16. Calculate the greatest common factor of u and 110.
10
Let z(j) = 140*j + 1128. Let q be z(-8). Calculate the greatest common factor of 820 and q.
4
Let x = 25871 - 19946. Calculate the highest common divisor of x and 75.
75
Suppose o - 348 = -3*o. Let i = -2361 + 2419. What is the greatest common divisor of o and i?
29
Let q(z) = 56*z - 1824. Let k be q(48). Calculate the greatest common divisor of 624 and k.
48
Suppose 5*j = 2*t + 221, 0*t = 2*t - 4. Let f = 109 + -108. Let b be (18/(-36))/((1/(-18))/f). What is the highest common factor of b and j?
9
Suppose 0 = -7*x - 5 + 47. Suppose 5*j - 5*v = 30, -5*v + 3*v = j + x. Suppose -3*q = j*q - 80. What is the greatest common divisor of q and 8?
8
Let v(g) = -177*g**2 - 965*g - 28. Let b be v(-5). Suppose 1124 = 4*l + 2*n, -6*l + l + 1407 = 3*n. Calculate the greatest common factor of l and b.
93
Suppose 12*n + 84*n - 20*n - 4864 = 0. Suppose q = -3*d + 5*q + 44, -5*d + 3*q = -66. What is the greatest common divisor of d and n?
4
Let n = -19 - -45. Let d = n + -14. Let r = -192 + 210. What is the highest common divisor of d and r?
6
Suppose -2*w - 2*w + 998 = 662. What is the greatest common divisor of w and 1036?
28
Let h(w) = -w**2 + 12*w + 13. Let o be h(12). Let y = 16 - o. Let k be (-90)/(-40)*20/y. Calculate the highest common factor of k and 30.
15
Let h(m) = -m + 3. Let z be h(1). Suppose -z*f = 37 + 43. Let d be ((-36)/(-4))/(((-84)/f)/7). Calculate the greatest common factor of d and 15.
15
Let g(r) = 3 - r**3 - 21*r - 13*r + 4*r**2 + 31*r. Let u be g(3). Suppose 2*j - 2*d - 96 = 3*d, u*j = -4*d + 98. What is the greatest common factor of 38 and j?
38
Suppose 1113*r + 368816 = 1141*r. What is the greatest common factor of 148 and r?
148
Let m be (-2004)/(-3) - (-74 + 75). Calculate the highest common factor of 203 and m.
29
Let g be (6/(-7) + 0)/((-9)/378). Suppose -4*l - g = -116. Suppose -b + 3*w + l = -0*w, b + 3*w - 32 = 0. What is the highest common factor of b and 104?
26
Suppose 511 = -12*l + 2275. Suppose -l - 53 = -8*q. Suppose -2*t = 5*p, -2*t - 2*t - 2*p + 16 = 0. What is the greatest common divisor of t and q?
5
Let j = 45 + -50. Let m = 16 - j. Let z be -22*(23/(-2) - -1). Calculate the greatest common factor of z and m.
21
Let y be (-195)/(-6) + (-2)/(-4). Let f = 117 - 162. Let z be 1/((f/27)/(-5)). What is the greatest common divisor of z and y?
3
Let v = 6607 + -6510. Calculate the highest common factor of 2619 and v.
97
Let t = 112 - -158. Suppose -9*z + t + 27 = 0. Calculate the greatest common factor of z and 297.
33
Let f = -308 + 312. Suppose 0 = 5*j - 3*l - 3201, f*j - l + 0*l = 2558. What is the highest common divisor of j and 71?
71
Let a be 1/(-4) - (-98)/8. Let v = 141587 - 141571. What is the highest common divisor of v and a?
4
Let d(r) = -r - 5. Let t be d(10). Let k be t/(((-12)/(-8))/(-1)). Let b(s) = 2*s**2 + s + 4. Let h be b(-6). What is the highest common divisor of h and k?
10
Suppose -2*j - 5*t + 15825 = 0, -2*t - 13531 - 10235 = -3*j. What is the highest common divisor of j and 15?
15
Let z(j) = -j + 11. Let y be z(-4). Suppose -y*f + 16*f - 13 = 0. Suppose 0 = h - f - 48. Calculate the greatest common factor of h and 183.
61
Let a(y) = y**2 - 13*y + 13. Suppose 2*u + 5*t - 6 = 0, 0 = -8*u + 13*u - 3*t - 77. Let d be a(u). What is the highest common factor of 91 and d?
13
Let h = -2027 - -2028. What is the greatest common factor of h and 775?
1
Suppose 0 = -4*j + s + 129455, 4*j + 2*s - 179763 + 50329 = 0. Calculate the highest common divisor of 22 and j.
22
Let l = 592 + -589. Suppose -4*c - 3*u = -237, -l*u - 83 = -c + u. What is the highest common divisor of 14 and c?
7
Let g be 2 + (1 - -16)*1. Suppose -61 = -16*h + 19. Let b(r) = 3*r**2 + 1. Let y be b(h). Calculate the greatest common factor of y and g.
19
Suppose 177*n - 20*n - 1106365 = -162167. Calculate the greatest common divisor of 310 and n.
62
Suppose 40193 = 45*d - 178687. What is the highest common divisor of d and 76?
76
Let i(n) = 78*n + 159. Let a be i(9). Let w = a - 838. Let t = 3 - -89. Calculate the greatest common divisor of t and w.
23
Suppose i + 3*i = -4*m + 12, 3*i + 3 = 3*m. Suppose 2*k - i = 9. Let x(l) = 4*l**2 - 15*l + 36. Let t be x(4). What is the highest common divisor of k and t?
5
Suppose 21*j = -349*j + 62530. Calculate the greatest common factor of j and 1989.
13
Suppose 2*w + 2*b - 28264 = 0, -3*w - 4*b = -0*b - 42398. What is the greatest common divisor of 180 and w?
90
Suppose 8*g + 3215 = t + 10*g, 2*g - 9641 = -3*t. What is the highest common divisor of 27 and t?
27
Let h be 142/((-3)/(54/4)). Let g = 1049 + h. Calculate the greatest common factor of g and 41.
41
Let t be (-8)/(-12) + 34219/57. Let q = 1343 - t. Calculate the greatest common divisor of q and 106.
106
Let y(u) = 2*u**3 - 48*u**2 + 8*u + 214. Let d be y(24). Calculate the greatest common divisor of 252 and d.
14
Suppose -5*d - 5*z + 80 = 0, -d + 39 = 3*d - z. Suppose d = 3*w - 2*i, 2*w = -2*w + 2*i + 16. What is the highest common factor of 320 and w?
5
Let j be -1 + 1 + (13 - 1). Let p = 213924 + -213822. What is the highest common divisor of j and p?
6
Let m = -71 - -44. Let r be m + 30 + 5 + 0. Let p = -114 + 130. Calculate the greatest common divisor of p and r.
8
Let m(b) = -b**2 + 22*b + 137. Let d be m(27). Suppose 5*z + 531 = 9*z - p, 2*z - d*p - 270 = 0. Calculate the highest common divisor of 99 and z.
33
Let q = 11921 - 10515. Calculate the greatest common divisor of q and 962.
74
Let z be (-1919 - 1)*((-30)/(-40))/((-12)/8). Calculate the greatest common factor of 144 and z.
48
Let t be 116550/330 - 11 - (0 + 4/22). What is the greatest common divisor of t and 14?
2
Let x = -3 - -16. Let t(f) = -f**3 + 13*f**2 + f + 19. Let k be t(x). Suppose -v = -j + k, j + 4*v = -v + 32. Calculate the highest common divisor of j and 48.
16
Let k be -1*(-1 - (-13)/(-1)). Suppose -65 + 100 = 125*r - 215. Calculate the greatest common divisor of k and r.
2
Let h(p) = -2*p + 9. Let f be h(0). Let m(q) = 2*q**2 - 15*q + 2. Let s be m(f). Let d be (-3)/(-1) + 1764/21. Calculate the highest common factor of s and d.
29
Let t(a) = -2*a + 280. Let w be t(4). What is the greatest common diviso